{"id":10,"date":"2020-09-28T19:22:35","date_gmt":"2020-09-28T19:22:35","guid":{"rendered":"https:\/\/www.tierphysio-bingel.de\/?page_id=10"},"modified":"2026-03-12T06:12:48","modified_gmt":"2026-03-12T06:12:48","slug":"kontakt","status":"publish","type":"page","link":"https:\/\/www.tierphysio-bingel.de\/?page_id=10","title":{"rendered":"Behandlungsablauf"},"content":{"rendered":"\n<p>F\u00fcr die erste Behandlung halten Sie gerne Befunde (Arztbericht, R\u00f6ntgenbilder etc.), Medikamente (Medikamentenplan) und nat\u00fcrlich auch Ihre eigenen Beobachtungen bereit. Es w\u00e4re sch\u00f6n, wenn Sie im Voraus schon mal \u00fcberlegen, welche Besonderheiten und Verletzungen \/ Operationen Ihr Tier erlebt hat. Gerne k\u00f6nnen Sie mir diese Informationen vor unserem gemeinsamen Termin zu kommen lassen.<\/p>\n\n\n\n<p>Die erste Behandlung umfasst:<\/p>\n\n\n\n<ul class=\"wp-block-list\">\n<li> eine ausf\u00fchrliche Anamnese<\/li>\n\n\n\n<li>das Einsehen von Befunden<\/li>\n\n\n\n<li>die Gangbildanalyse<\/li>\n\n\n\n<li>meine Befundung (Palpation, Gelenkfunktionspr\u00fcfung, Druckpunktpalpation, Reflex-\/Reaktionstests etc.)<\/li>\n\n\n\n<li>die erste Behandlung<\/li>\n<\/ul>\n\n\n\n<p>Vor der Behandlung sollte ihr Tier m\u00f6glichst 2 Stunden nicht gef\u00fcttert werden, da sonst evtl. meine Befundung (z.B. die Druckpunktpalpation) leicht verf\u00e4lscht werden kann.<\/p>\n\n\n\n<p>Termine bekommen Sie bei mir Montag bis Freitag und wenn es f\u00fcr Ihr Tier wichtig ist, dann auch am Wochenende. Besteht ein akutes Problem, dann ist es oft sinnvoll so schnell wie m\u00f6glich daran zu arbeiten! Wir finden gemeinsam einen zeitnahen \/ schnellen Termin.<\/p>\n\n\n\n<p>Direkt nach jeder Behandlung bitte ich um Begleichung der Kosten in Bar.<\/p>\n\n\n\n<p>Kosten f\u00fcr:<\/p>\n\n\n\n<p><strong>Hund<\/strong><\/p>\n\n\n\n<ul class=\"wp-block-list\">\n<li>1. Behandlungstermin 75\u20ac (ist der letzte Termin \u00fcber 12 Monate her, dann ben\u00f6tigen wir wieder einen 1. Behandlungstermin)<\/li>\n\n\n\n<li>Folgetermine 45\u20ac (35 Minuten)<\/li>\n\n\n\n<li>nur Lasertherapie 35\u20ac <\/li>\n<\/ul>\n\n\n\n<p><strong>Katze<\/strong><\/p>\n\n\n\n<ul class=\"wp-block-list\">\n<li>1. Termin 55\u20ac<\/li>\n\n\n\n<li>Folgetermine 35\u20ac<\/li>\n<\/ul>\n\n\n\n<p>Da es einige Patienten gibt, die l\u00e4nger auf Termine warten m\u00fcssen, berechne ich Termine die nicht rechtzeitig (mind. 24 Std. vorher) abgesagt werden.<\/p>\n\n\n\n<p><\/p>\n","protected":false},"excerpt":{"rendered":"<p>F\u00fcr die erste Behandlung halten Sie gerne Befunde (Arztbericht, R\u00f6ntgenbilder etc.), Medikamente (Medikamentenplan) und nat\u00fcrlich auch Ihre eigenen Beobachtungen bereit. Es w\u00e4re sch\u00f6n, wenn Sie im Voraus schon mal \u00fcberlegen, welche Besonderheiten und Verletzungen \/ Operationen Ihr Tier erlebt hat.<\/p>\n","protected":false},"author":3,"featured_media":0,"parent":0,"menu_order":0,"comment_status":"closed","ping_status":"closed","template":"page-templates\/contact.php","meta":{"footnotes":""},"class_list":["post-10","page","type-page","status-publish","hentry"],"yoast_head":"<!-- This site is optimized with the Yoast SEO plugin v24.6 - https:\/\/yoast.com\/wordpress\/plugins\/seo\/ -->\n<title>Behandlungsablauf - Tierphysio Bingel<\/title>\n<meta name=\"description\" content=\"Tierphysiotherapeutin Bingel Ebsdorfergrund, so arbeite ich mit Hunden und Katzen\" \/>\n<meta name=\"robots\" content=\"index, follow, max-snippet:-1, max-image-preview:large, max-video-preview:-1\" \/>\n<link rel=\"canonical\" href=\"https:\/\/www.tierphysio-bingel.de\/?page_id=10\" \/>\n<meta property=\"og:locale\" content=\"de_DE\" \/>\n<meta property=\"og:type\" content=\"article\" \/>\n<meta property=\"og:title\" content=\"Behandlungsablauf - Tierphysio Bingel\" \/>\n<meta property=\"og:description\" content=\"Tierphysiotherapeutin Bingel Ebsdorfergrund, so arbeite ich mit Hunden und Katzen\" \/>\n<meta property=\"og:url\" content=\"https:\/\/www.tierphysio-bingel.de\/?page_id=10\" \/>\n<meta property=\"og:site_name\" content=\"Tierphysio Bingel\" \/>\n<meta property=\"article:modified_time\" content=\"2026-03-12T06:12:48+00:00\" \/>\n<meta name=\"twitter:card\" content=\"summary_large_image\" \/>\n<meta name=\"twitter:label1\" content=\"Gesch\u00e4tzte Lesezeit\" \/>\n\t<meta name=\"twitter:data1\" content=\"2\u00a0Minuten\" \/>\n<script type=\"application\/ld+json\" class=\"yoast-schema-graph\">{\"@context\":\"https:\/\/schema.org\",\"@graph\":[{\"@type\":\"WebPage\",\"@id\":\"https:\/\/www.tierphysio-bingel.de\/?page_id=10\",\"url\":\"https:\/\/www.tierphysio-bingel.de\/?page_id=10\",\"name\":\"Behandlungsablauf - Tierphysio Bingel\",\"isPartOf\":{\"@id\":\"https:\/\/www.tierphysio-bingel.de\/#website\"},\"datePublished\":\"2020-09-28T19:22:35+00:00\",\"dateModified\":\"2026-03-12T06:12:48+00:00\",\"description\":\"Tierphysiotherapeutin Bingel Ebsdorfergrund, so arbeite ich mit Hunden und Katzen\",\"breadcrumb\":{\"@id\":\"https:\/\/www.tierphysio-bingel.de\/?page_id=10#breadcrumb\"},\"inLanguage\":\"de\",\"potentialAction\":[{\"@type\":\"ReadAction\",\"target\":[\"https:\/\/www.tierphysio-bingel.de\/?page_id=10\"]}]},{\"@type\":\"BreadcrumbList\",\"@id\":\"https:\/\/www.tierphysio-bingel.de\/?page_id=10#breadcrumb\",\"itemListElement\":[{\"@type\":\"ListItem\",\"position\":1,\"name\":\"Home\",\"item\":\"https:\/\/www.tierphysio-bingel.de\/\"},{\"@type\":\"ListItem\",\"position\":2,\"name\":\"Behandlungsablauf\"}]},{\"@type\":\"WebSite\",\"@id\":\"https:\/\/www.tierphysio-bingel.de\/#website\",\"url\":\"https:\/\/www.tierphysio-bingel.de\/\",\"name\":\"Tierphysio Bingel\",\"description\":\"Alles f\u00fcr Ihr Tier\",\"publisher\":{\"@id\":\"https:\/\/www.tierphysio-bingel.de\/#organization\"},\"potentialAction\":[{\"@type\":\"SearchAction\",\"target\":{\"@type\":\"EntryPoint\",\"urlTemplate\":\"https:\/\/www.tierphysio-bingel.de\/?s={search_term_string}\"},\"query-input\":{\"@type\":\"PropertyValueSpecification\",\"valueRequired\":true,\"valueName\":\"search_term_string\"}}],\"inLanguage\":\"de\"},{\"@type\":\"Organization\",\"@id\":\"https:\/\/www.tierphysio-bingel.de\/#organization\",\"name\":\"Tierphysiotherapie Julia Bingel\",\"url\":\"https:\/\/www.tierphysio-bingel.de\/\",\"logo\":{\"@type\":\"ImageObject\",\"inLanguage\":\"de\",\"@id\":\"https:\/\/www.tierphysio-bingel.de\/#\/schema\/logo\/image\/\",\"url\":\"https:\/\/www.tierphysio-bingel.de\/wp-content\/uploads\/2020\/10\/logo_xs.png\",\"contentUrl\":\"https:\/\/www.tierphysio-bingel.de\/wp-content\/uploads\/2020\/10\/logo_xs.png\",\"width\":100,\"height\":38,\"caption\":\"Tierphysiotherapie Julia Bingel\"},\"image\":{\"@id\":\"https:\/\/www.tierphysio-bingel.de\/#\/schema\/logo\/image\/\"}}]}<\/script>\n<!-- \/ Yoast SEO plugin. -->","yoast_head_json":{"title":"Behandlungsablauf - Tierphysio Bingel","description":"Tierphysiotherapeutin Bingel Ebsdorfergrund, so arbeite ich mit Hunden und Katzen","robots":{"index":"index","follow":"follow","max-snippet":"max-snippet:-1","max-image-preview":"max-image-preview:large","max-video-preview":"max-video-preview:-1"},"canonical":"https:\/\/www.tierphysio-bingel.de\/?page_id=10","og_locale":"de_DE","og_type":"article","og_title":"Behandlungsablauf - Tierphysio Bingel","og_description":"Tierphysiotherapeutin Bingel Ebsdorfergrund, so arbeite ich mit Hunden und Katzen","og_url":"https:\/\/www.tierphysio-bingel.de\/?page_id=10","og_site_name":"Tierphysio Bingel","article_modified_time":"2026-03-12T06:12:48+00:00","twitter_card":"summary_large_image","twitter_misc":{"Gesch\u00e4tzte Lesezeit":"2\u00a0Minuten"},"schema":{"@context":"https:\/\/schema.org","@graph":[{"@type":"WebPage","@id":"https:\/\/www.tierphysio-bingel.de\/?page_id=10","url":"https:\/\/www.tierphysio-bingel.de\/?page_id=10","name":"Behandlungsablauf - Tierphysio Bingel","isPartOf":{"@id":"https:\/\/www.tierphysio-bingel.de\/#website"},"datePublished":"2020-09-28T19:22:35+00:00","dateModified":"2026-03-12T06:12:48+00:00","description":"Tierphysiotherapeutin Bingel Ebsdorfergrund, so arbeite ich mit Hunden und Katzen","breadcrumb":{"@id":"https:\/\/www.tierphysio-bingel.de\/?page_id=10#breadcrumb"},"inLanguage":"de","potentialAction":[{"@type":"ReadAction","target":["https:\/\/www.tierphysio-bingel.de\/?page_id=10"]}]},{"@type":"BreadcrumbList","@id":"https:\/\/www.tierphysio-bingel.de\/?page_id=10#breadcrumb","itemListElement":[{"@type":"ListItem","position":1,"name":"Home","item":"https:\/\/www.tierphysio-bingel.de\/"},{"@type":"ListItem","position":2,"name":"Behandlungsablauf"}]},{"@type":"WebSite","@id":"https:\/\/www.tierphysio-bingel.de\/#website","url":"https:\/\/www.tierphysio-bingel.de\/","name":"Tierphysio Bingel","description":"Alles f\u00fcr Ihr Tier","publisher":{"@id":"https:\/\/www.tierphysio-bingel.de\/#organization"},"potentialAction":[{"@type":"SearchAction","target":{"@type":"EntryPoint","urlTemplate":"https:\/\/www.tierphysio-bingel.de\/?s={search_term_string}"},"query-input":{"@type":"PropertyValueSpecification","valueRequired":true,"valueName":"search_term_string"}}],"inLanguage":"de"},{"@type":"Organization","@id":"https:\/\/www.tierphysio-bingel.de\/#organization","name":"Tierphysiotherapie Julia Bingel","url":"https:\/\/www.tierphysio-bingel.de\/","logo":{"@type":"ImageObject","inLanguage":"de","@id":"https:\/\/www.tierphysio-bingel.de\/#\/schema\/logo\/image\/","url":"https:\/\/www.tierphysio-bingel.de\/wp-content\/uploads\/2020\/10\/logo_xs.png","contentUrl":"https:\/\/www.tierphysio-bingel.de\/wp-content\/uploads\/2020\/10\/logo_xs.png","width":100,"height":38,"caption":"Tierphysiotherapie Julia Bingel"},"image":{"@id":"https:\/\/www.tierphysio-bingel.de\/#\/schema\/logo\/image\/"}}]}},"_links":{"self":[{"href":"https:\/\/www.tierphysio-bingel.de\/index.php?rest_route=\/wp\/v2\/pages\/10","targetHints":{"allow":["GET"]}}],"collection":[{"href":"https:\/\/www.tierphysio-bingel.de\/index.php?rest_route=\/wp\/v2\/pages"}],"about":[{"href":"https:\/\/www.tierphysio-bingel.de\/index.php?rest_route=\/wp\/v2\/types\/page"}],"author":[{"embeddable":true,"href":"https:\/\/www.tierphysio-bingel.de\/index.php?rest_route=\/wp\/v2\/users\/3"}],"replies":[{"embeddable":true,"href":"https:\/\/www.tierphysio-bingel.de\/index.php?rest_route=%2Fwp%2Fv2%2Fcomments&post=10"}],"version-history":[{"count":32,"href":"https:\/\/www.tierphysio-bingel.de\/index.php?rest_route=\/wp\/v2\/pages\/10\/revisions"}],"predecessor-version":[{"id":356,"href":"https:\/\/www.tierphysio-bingel.de\/index.php?rest_route=\/wp\/v2\/pages\/10\/revisions\/356"}],"wp:attachment":[{"href":"https:\/\/www.tierphysio-bingel.de\/index.php?rest_route=%2Fwp%2Fv2%2Fmedia&parent=10"}],"curies":[{"name":"wp","href":"https:\/\/api.w.org\/{rel}","templated":true}]}}